94791
What is -2eb278 (base 16) in base 9?
-5674002
Convert -96b88 (base 12) to base 14.
-52596
-101110000100 (base 2) to base 5
-43243
-33431010 (base 6) to base 11
-633639
Convert -514725 (base 11) to base 16.
-c9aee
Convert 976ea (base 15) to base 4.
1311120310
Convert -13665422 (base 7) to base 5.
-312344130
Convert -344230323 (base 6) to base 9.
-12870746
What is -21122022122210 (base 3) in base 4?
-33133131102
What is -2542b2 (base 13) in base 5?
-212112122
What is -13a849 (base 12) in base 5?
-41021104
-8892 (base 15) to base 2
-111000100001001
20110110211 (base 3) to base 7
1036552
Convert 7071c (base 13) to base 8.
610657
What is -11030224 (base 5) in base 6?
-2015001
2199c (base 14) to base 4
103321012
1215877 (base 10) to base 7
13222555
-212232102220 (base 4) to base 14
-14c3532
Convert 8e05a (base 15) to base 12.
199927
Convert -9aa94 (base 14) to base 16.
-5b9ea
What is 2000122 (base 7) in base 15?
49b0d
-372349 (base 10) to base 6
-11551501
232300132332 (base 4) to base 10
12257214
What is 43877 (base 11) in base 12?
30989
Convert 1100012102100 (base 3) to base 8.
2557533
15f9f8 (base 16) to base 8
5374770
What is 161542 (base 10) in base 6?
3243514
What is -10277 (base 15) in base 6?
-1032551
-19b34 (base 16) to base 12
-50b04
-3343122301 (base 5) to base 3
-111220201110222
233232112 (base 4) to base 10
195478
-48043a (base 12) to base 3
-2012000202001
-1d661 (base 16) to base 2
-11101011001100001
What is -13467 (base 15) in base 4?
-33010303
What is -564304 (base 7) in base 11?
-69117
What is 147016d (base 14) in base 16?
97d355
Convert -79684 (base 11) to base 15.
-24259
Convert 17a7a (base 16) to base 13.
35141
10164435 (base 7) to base 9
1544620
152833 (base 9) to base 12
46486
Convert 24a85c (base 13) to base 11.
551369
What is -1a9825c (base 14) in base 6?
-1152314414
30052234 (base 6) to base 4
3032233132
What is -394003 (base 14) in base 6?
-110121135
What is -1110112012001 (base 3) in base 4?
-2331323323
-2a217 (base 11) to base 13
-16674
What is -3057144 (base 10) in base 7?
-34661646
Convert -100113403 (base 5) to base 3.
-202001122012
22212010011 (base 3) to base 8
524354
Convert -110052 (base 7) to base 12.
-b179
Convert 1114242 (base 8) to base 4.
1021202202
67712 (base 11) to base 12
48887
Convert -1000100110010111001000 (base 2) to base 13.
-60c0c2
a57b0a (base 12) to base 10
2605690
Convert 962d2 (base 14) to base 8.
1304440
Convert 39919a (base 15) to base 14.
51d67d
What is -89aa8 (base 11) in base 7?
-1052164
What is -42512 (base 9) in base 10?
-28118
What is 5273737 (base 9) in base 16?
2b1752
Convert 1d72cc2 (base 14) to base 12.
4b5790a
Convert -5737d (base 14) to base 5.
-23240422
What is 103112 (base 11) in base 12?
7b70a
Convert -771b1 (base 16) to base 5.
-111102412
-6023825 (base 9) to base 11
-1899757
525035235 (base 6) to base 9
18265845
Convert -152523 (base 7) to base 6.
-345440
11143040 (base 8) to base 9
4472825
What is -2924178 (base 12) in base 15?
-ad266b
Convert -42440503 (base 6) to base 5.
-304441102
-4327415 (base 9) to base 11
-1346181
Convert -3717305 (base 8) to base 10.
-1023685
605560 (base 7) to base 5
11242334
Convert -39ea91 (base 15) to base 2.
-1010100111100010011010
3021404 (base 5) to base 16
bce2
11111100110000001 (base 2) to base 11
89255
What is -14c22 (base 13) in base 11?
-27673
What is -20101200022 (base 3) in base 15?
-27472
Convert 3520434 (base 6) to base 9.
306104
Convert 24221412 (base 5) to base 2.
110111010010110010
Convert -1112112102021 (base 3) to base 14.
-173cdb
Convert -4098f (base 16) to base 9.
-442850
What is 3257c (base 13) in base 15?
1be85
What is -1321500 (base 6) in base 9?
-121080
Convert -64298 (base 12) to base 15.
-29072
What is 220453412 (base 6) in base 12?
13aa268
110021012001 (base 3) to base 8
727433
What is 12112244 (base 6) in base 16?
5d784
Convert -200101122 (base 4) to base 14.
-3625c
What is -40500100 (base 6) in base 14?
-222376
Convert -e7015 (base 15) to base 5.
-141414040
What is -320444 (base 14) in base 11?
-a55648
b4aca5 (base 13) to base 15
58621a
Convert 164424 (base 8) to base 2.
1110100100010100
1120202201202 (base 3) to base 8
3154107
-a89060 (base 11) to base 7
-20533651
Convert -2240301 (base 6) to base 8.
-336755
Convert -5426c9 (base 13) to base 12.
-7b3822
Convert -1a584b (base 12) to base 7.
-3650504
Convert 110100100100000101000 (base 2) to base 9.
3214626
What is -524545052 (base 6) in base 13?
-1b99b30
Convert 512304122 (base 6) to base 11.
4a68273
What is 767847 (base 10) in base 3?
1110000021210
63423 (base 16) to base 8
1432043
-11202201211 (base 3) to base 2
-10110111010010111
What is 41510554 (base 6) in base 2?
100100110101000000110
What is -117911 (base 13) in base 12?
-181228
Convert 102303501 (base 6) to base 10.
1797085
Convert -56619a (base 14) to base 3.
-12112012000000
Convert 60a5888 (base 11) to base 14.
1609bb9
What is -187804 (base 11) in base 8?
-1063324
What is -11b37 (base 12) in base 4?
-11320123
10101010101111111 (base 2) to base 10
87423
What is -100133002 (base 6) in base 14?
-320842
325079 (base 10) to base 7
2522516
Convert 101332211330 (base 4) to base 11.
27298aa
Convert 127120 (base 10) to base 14.
34480
What is 312214202 (base 5) in base 3?
2102110201210
-29965 (base 11) to base 6
-524221
5071b (base 15) to base 12
1034b2
Convert -210201201201 (base 3) to base 11.
-2723a2
What is -4017a (base 11) in base 9?
-88552
What is -7a3a9 (base 13) in base 10?
-222543
What is -120178 (base 11) in base 3?
-100200101000
Convert 1011110110100000110101 (base 2) to base 5.
1243404434
What is -bb7cc (base 16) in base 14?
-15dc16
30e70d (base 16) to base 11
1899965
What is -30313313103 (base 4) in base 8?
-14676723
15440ab (base 12) to base 16
41eb83
Convert 1c7dd (base 16) to base 4.
130133131
Convert 4d2274 (base 16) to base 14.
958340
5031b (base 16) to base 11
204874
Convert 747aa2 (base 13) to base 15.
38e081
What is -10011000111100010101 (base 2) in base 7?
-5216252
What is -2650662 (base 7) in base 9?
-581023
-14038 (base 16) to base 8
-240070
What is 640313 (base 7) in base 13?
3b45c
What is 34304032 (base 5) in base 2?
1001010111001001111
17b5b6 (base 12) to base 15
82950
Convert -87d0 (base 14) to base 3.
-1012020121
-10000001110001110 (base 2) to base 8
-201616
What is 4581326 (base 10) in base 9?
8552352
Convert -607a4 (base 13) to base 9.
-282780
What is 1111112000 (base 3) in base 5?
1421123
4207430 (base 9) to base 11
12a6a43
123010312300 (base 4) to base 15
9530a1
Convert 1011320010 (base 4) to base 13.
a0374
Convert -317371 (base 8) to base 2.
-11001111011111001
Convert 37951 (base 12) to base 10.
75661
What is 1110101111101100000 (base 2) in base 13?
13bbca
Convert -90b1a (base 16) to base 10.
-592666
What is 2a2be (base 15) in base 6?
2523525
What is 645c7 (base 14) in base 4?
323033003
c38f (base 16) to base 12
24b7b
What is 1b22d (base 16) in base 6?
2214325
-1123123203 (base 4) to base 10
-374499
Convert 20200212120210 (base 3) to base 9.
6625523
What is a5211 (base 16) in base 13?
1a8b25
Convert -1047138 (base 12) to base 6.
-150012512
-29466 (base 13) to base 3
-10221112010
Convert -23415451 (base 6) to base 8.
-2630467
Convert -2324406 (base 8) to base 16.
-9a906
-369a655 (base 11) to base 16
-6210e6
What is -66000311 (base 7) in base 8?
-25425713
2423336 (base 9) to base 15
1ae7e3
55c3b (base 14) to base 5
23130310
What is -4116894 (base 10) in base 13?
-b11b42
71095 (base 11) to base 5
11311142
What is -12a1798 (base 15) in base 16?
-ccc8ae
What is -7a384 (base 12) in base 6?
-3254244
What is 1387683 (base 9) in base 6?
24233420
What is 20422122 (base 6) in base 12?
247942
Convert -114842 (base 14) to base 6.
-20342042
What is 24315415 (base 6) in base 3?
1110020110202
What is 6815b (base 13) in base 5?
22023222
What is 51a10a8 (base 12) in base 13?
325a10b
What is 871265 (base 16) in base 6?
513421445
-346430 (base 9) to base 7
-1524516
77334 (base 9) to base 3
2121101011
What is 110001001011000000 (base 2) in base 3?
101020021120
What is -11b760 (base 14) in base 2?
-10010100011010001000
Convert -112401 (base 11) to base 7.
-1343253
Convert 743a80 (base 12) to base 16.
1bf240
2559343 (base 11) to base 14
835c43
-2659420 (base 11) to base 12
-1657266
-330143233 (base 5